*2 + n - 3. Give l(4).
-31
Let o(z) = 2*z**2 + 84*z - 46. Give o(-42).
-46
Let d(k) = -2*k**2 + 11*k - 44. Calculate d(-12).
-464
Let j(i) = -36*i + 256. What is j(7)?
4
Let i(w) = -w**3 + 5*w**2 + 68*w + 242. What is i(-4)?
114
Let g(w) = 44*w - 228. Determine g(5).
-8
Let k(r) = r**3 + 2*r**2 - 2*r + 133. Calculate k(0).
133
Let f(c) = -c**3 + 5*c**2 - 130*c + 668. Determine f(5).
18
Let j(o) = o**3 + 11*o**2 - 4*o - 55. Determine j(-13).
-341
Let o(r) = -2*r**3 + 12*r**2 - 8*r - 45. Calculate o(7).
-199
Let t(b) = 1291*b + 18080. Determine t(-14).
6
Let y(z) = -2*z**3 - 23*z**2 - 20*z + 56. Calculate y(-11).
155
Let z(o) = 139*o + 7922. Calculate z(-57).
-1
Let d(q) = 16*q**2 - 394*q + 50. Calculate d(23).
-548
Let i(f) = 3*f**3 + 89*f**2 + 60*f + 88. Give i(-29).
30
Let m(r) = 119*r**3 - 134*r + 135. Give m(1).
120
Let p(v) = -2*v**2 - 55*v - 49. What is p(-25)?
76
Let x(n) = -5*n**2 - 26*n + 9. Calculate x(-6).
-15
Let u(k) = -3*k**3 + 97*k**2 + 65*k + 25. Determine u(33).
-8
Let b(f) = 17*f**3 + 103*f**2 + 142*f + 820. What is b(-6)?
4
Let b(y) = 63*y + 269. Give b(-4).
17
Let z(g) = 5*g**2 + 8*g + 28. What is z(-3)?
49
Let m(l) = -44*l + 29. Determine m(6).
-235
Let l(i) = -5*i + 35. Calculate l(9).
-10
Let u(l) = l**2 + 44*l + 416. Determine u(-32).
32
Let g(x) = 40*x + 251. Give g(-7).
-29
Let c(n) = -2*n**3 - 56*n**2 - 23*n - 570. Determine c(-28).
74
Let i(v) = 30*v - 742. What is i(45)?
608
Let t(j) = -j**2 + 2*j - 15. What is t(-3)?
-30
Let n(i) = 17*i - 188. Calculate n(22).
186
Let x(p) = -734*p - 35237. Give x(-48).
-5
Let t(d) = 5*d**3 + 4*d**2 + 31*d - 80. What is t(2)?
38
Let g(y) = -2*y**2 + 19*y + 35. Give g(-3).
-40
Let p(q) = -q**2 + 168*q - 3394. Calculate p(145).
-59
Let z(m) = 12*m + 141. Determine z(-25).
-159
Let n(p) = -11*p + 996. Calculate n(91).
-5
Let l(r) = r**2 - 27*r + 167. Give l(19).
15
Let o(k) = 2*k**2 + 57*k - 75. What is o(-30)?
15
Let k(d) = d**3 + 6*d**2 - 10. Calculate k(-7).
-59
Let j(s) = 38*s**2 + 2*s. Calculate j(-1).
36
Let f(z) = -4*z**2 - 163*z + 77. Give f(-41).
36
Let n(o) = -9002*o + 54008. What is n(6)?
-4
Let b(c) = c**3 - 13*c**2 - 21*c + 264. Calculate b(13).
-9
Let g(o) = 4*o**3 - 3*o**2 - 9*o - 2. Determine g(3).
52
Let o(t) = -34782*t - 173908. Determine o(-5).
2
Let y(a) = -40*a**2 - 4*a + 1. Give y(1).
-43
Let j(i) = i**3 - 9*i**2 - i - 10. Give j(9).
-19
Let x(v) = v**3 - 57*v**2 - 2*v + 111. Determine x(57).
-3
Let d(n) = -6*n**2 + 357*n + 226. Determine d(60).
46
Let w(d) = 13*d - 279. What is w(19)?
-32
Let f(a) = -a**3 + 97*a**2 - 197*a + 19116. Calculate f(97).
7
Let g(q) = -4*q**2 - 15*q + 59. What is g(5)?
-116
Let x(r) = -2*r**3 + 67*r**2 + 31*r + 97. What is x(34)?
-5
Let l(j) = -13*j - 378. Calculate l(-52).
298
Let k(l) = 354*l + 814. What is k(-2)?
106
Let u(w) = w**2 + 12*w - 57. Determine u(-17).
28
Let w(k) = 106*k - 215. Calculate w(3).
103
Let p(s) = 4*s + 13. What is p(-9)?
-23
Let k(n) = -5*n**2 - 859*n - 1625. Give k(-170).
-95
Let k(l) = 379*l**3 - 1138*l**2 + 2*l - 4. Give k(3).
-7
Let g(n) = n**3 - 15*n - 13. Determine g(-4).
-17
Let v(o) = o**3 - 6*o**2 + 5*o - 17. What is v(7)?
67
Let s(b) = b**2 - 93*b - 2526. Give s(-22).
4
Let c(h) = -573*h + 178. Give c(-1).
751
Let w(s) = -143*s - 2285. Give w(-16).
3
Let d(v) = 10*v**2 + 323*v - 239. Determine d(-33).
-8
Let g(u) = -6*u**3 + 54*u**2 + 50*u + 92. Calculate g(10).
-8
Let c(r) = -65*r + 8647. What is c(133)?
2
Let b(z) = -5335*z - 5347. Give b(-1).
-12
Let f(j) = -j**3 - 3*j**2 + 7*j + 80. Determine f(0).
80
Let f(z) = -z**2 + 2*z + 8. What is f(6)?
-16
Let x(u) = -20*u + 364. Give x(20).
-36
Let i(c) = 4*c**2 - 121*c - 39. Determine i(30).
-69
Let s(t) = -t**3 - 13*t**2 + 268*t + 3486. Calculate s(-13).
2
Let w(a) = a**3 - 1773*a**2 + 3542*a - 4. What is w(2)?
-4
Let x(h) = -4*h - 151. Give x(5).
-171
Let x(d) = d**3 + 8*d**2 - 2*d - 23. What is x(-8)?
-7
Let n(f) = -8*f - 257. Give n(-38).
47
Let b(i) = -2*i**3 - 30*i**2 - 2*i - 9. Calculate b(-15).
21
Let t(g) = 9*g**2 - 17*g + 55. Determine t(6).
277
Let j(b) = 3*b**2 + 446*b + 10842. What is j(-118)?
-14
Let g(w) = w**3 + 65*w**2 - 137*w - 146. Determine g(-67).
55
Let q(i) = -603*i + 14526. Give q(24).
54
Let s(c) = 18*c**2 + 24*c - 214. What is s(-4)?
-22
Let j(n) = -4*n**2 - 1389*n + 15398. Give j(-358).
4
Let f(g) = -112*g - 399. What is f(-4)?
49
Let n(z) = -7*z**2 - 99*z - 36. Calculate n(-14).
-22
Let o(n) = 27*n + 144. Calculate o(-5).
9
Let s(h) = h**2 - 15*h - 785. What is s(30)?
-335
Let x(v) = 505*v - 34852. What is x(69)?
-7
Let t(j) = -j**3 - 12*j + 44. Give t(0).
44
Let o(n) = -863*n + 8641. Calculate o(10).
11
Let z(a) = -a**3 + 14*a**2 + 71*a + 2. Calculate z(-4).
6
Let u(i) = 247*i + 7653. Determine u(-31).
-4
Let h(l) = 4*l**2 + 26*l - 23. What is h(0)?
-23
Let a(h) = 26*h + 2655. Determine a(-102).
3
Let z(c) = 7*c - 165. Calculate z(-23).
-326
Let p(o) = -o**3 + 676*o + 38. Determine p(-26).
38
Let f(i) = 13*i + 276. Give f(-23).
-23
Let w(s) = -s**3 + 38*s**2 + 21*s + 2407. Give w(40).
47
Let v(b) = 2*b**3 + 113*b**2 - 297*b - 148. What is v(-59)?
-30
Let y(h) = h**3 + 9*h**2 - 215*h - 1793. Give y(-8).
-9
Let s(a) = -4*a**2 + 68*a + 89. Give s(17).
89
Let t(x) = 6*x - 963. Determine t(7).
-921
Let t(v) = 4*v**2 + 19*v + 3. What is t(-7)?
66
Let j(k) = 4*k**2 - 175*k - 24. Determine j(44).
20
Let t(z) = z**3 + 23*z**2 - 89*z - 1988. Calculate t(-23).
59
Let i(r) = -4*r**2 + 214*r - 75. What is i(53)?
31
Let w(c) = c**2 - 33*c - 151. Calculate w(-4).
-3
Let d(o) = -2*o**3 + 8*o**2 - 7*o - 25. Determine d(4).
-53
Let t(m) = 190*m**3 - m**2 + 12*m - 12. Give t(1).
189
Let l(c) = 622*c + 1862. What is l(-3)?
-4
Let u(m) = m**3 + m**2 + 5*m - 5. Determine u(4).
95
Let h(d) = 3*d - 448. What is h(-25)?
-523
Let i(d) = -d**3 - 21*d**2 + 2*d + 762. Determine i(-19).
2
Let s(c) = 22*c - 17. Calculate s(1).
5
Let t(a) = a**2 + 894*a - 5403. Determine t(6).
-3
Let i(x) = 2*x**2 - 41*x + 362. Calculate i(10).
152
Let l(o) = 24*o**3 + 263*o**2 - 26*o - 170. What is l(-11)?
-5
Let g(j) = -255*j - 2283. Give g(-9).
12
Let k(z) = -8*z**2 - 1044*z - 534. Determine k(-130).
-14
Let d(h) = h**3 - 94*h**2 + 185*h - 266. Calculate d(92).
-174
Let w(f) = f**2 - 19*f - 352. What is w(31)?
20
Let l(a) = -287*a + 97568. Give l(340).
-12
Let c(d) = d**2 - 9*d - 50. Calculate c(-9).
112
Let r(l) = -l**3 - 11*l**2 + 11*l + 119. Determine r(-11).
-2
Let q(h) = h**3 - 10*h**2 - 332*h + 3082. Calculate q(9).
13
Let n(h) = -102*h - 5388. What is n(-53)?
18
Let i(m) = -m**2 - 6*m + 20. Calculate i(5).
-35
Let v(m) = m + 9. Determine v(28).
37
Let j(r) = 32*r + 46. What is j(1)?
78
Let j(n) = -92*n + 406. Give j(4).
38
Let s(g) = -2*g**3 - 205*g**2 + 1189*g + 114. Give s(-108).
6
Let w(v) = -75*v - 7493. Give w(-100).
7
Let t(m) = -28*m - 83. Calculate t(4).
-195
Let p(y) = y**3 + 43*y**2 - 43*y + 62. Give p(-44).
18
Let d(x) = -x**3 - 2*x**2 + 6*x + 4. Determine d(-2).
-8
Let l(w) = -32*w - 1148. Determine l(-36).
4
Let d(z) = -24*z**2 + 88*z - 5. What is d(5)?
-165
Let l(h) = h**3 - 25*h**2 + 2*h - 29. Determine l(25).
21
Let m(v) = -2*v**3 - 89*v**2 - 131*v - 87. Determine m(-43).
-1
Let y(b) = 93*b - 573. What is y(4)?
-201
Let t(k) = -324*k - 101074. Give t(-312).
14
Let z(o) = -102*o + 93. What is z(1)?
-9
Let p(y) = -y**3 + 23*y**2 - 63*y + 56. Calculate p(20).
-4
Let l(w) = w**3 + 19*w**2 - 16*w + 83. Calculate l(-20).
3
Let k(r) = r**2 - 26*r + 109. What is k(19)?
-24
Let s(t) = -139*t + 2029. What is s(13)?
222
Let g(y) = -4*y**3 - 53*y**2 + 45*y - 16. Calculate g(-14).
-58
Let a(h) = 231*h - 2312. Give a(10).
-2
Let d(y) = -427*y - 2602. Calculate d(-6).
-40
Let c(u) = -u**3 + 15*u**2 - 41*u + 281. What is c(14)?
-97
Let v(c) = -c**3 + 30*c**2 - 97*c - 260. What is v(26)?
-78
Let h(o) = 2*o - 113. Give h(4).
-105
Let z(a) = a**3 - a**2 - 28*a + 20. Determine z(5).
-20
Let f(q) = q**2 - 16*q + 60. Determine f(11).
5
Let i(y) = y**3 + 7*y**2 + y + 16. Determine i(-7).
9
Let m(k) = 27*k**3 - 2*k + 9. Determine m(2).
221
Let z(j) = 19*j - 263. Calculate z(15).
22
Let h(l) = 28*l**3 - 4*l - 4. Determine h(-1).
-28
Let v(g) = 2*g**3 + 9*g**2 + 102*g + 551. What is v(-5)?
16
Let y(t) = t**3 - 17*t**2 - 87*t + 33. Determine y(21).
-30
Let g(u) = -u**3